
2
8 - 19 - -12 - (-1 - 7)
9
Calculate (-4 - 2 - -4) + -2 + -1.
-5
What is the value of (-7 - (0 - 2)) + (10 - 10)?
-5
What is the value of (-1 - (6 + -1)) + 5 + -1?
-2
What is 1 + -8 + (7 - (-6 - -8))?
-2
-69 + 73 - (1 - -10)
-7
Calculate -8 + 29 - 10 - 17.
-6
Evaluate -4 + 3 + 1 + 3.
3
What is the value of 3 + -1 - (0 + -3)?
5
What is -1 - (0 + 6 - (2 - -1))?
-4
What is the value of -4 - (5 + -11) - (0 - -8)?
-6
Calculate (-1 - 6 - -9) + 4.
6
Calculate 0 + -3 + 6 + -4.
-1
What is the value of 2 - (0 - 1) - 2 - 3?
-2
Evaluate -9 + (15 - 3) + -2 + 6.
7
(-3 + 11 - 13) + 14
9
Calculate (3 - (-1 + 6)) + -2.
-4
What is (6 - 3) + 0 + 2?
5
What is 0 + 5 + 22 + -31?
-4
What is the value of -4 - (5 + (6 - (12 - -1)))?
-2
What is (1 - ((0 - 1) + 0)) + 3?
5
What is 11 - (-3 + 8) - (-4 + 3)?
7
What is the value of 11 + (-4 - (-2 + 10))?
-1
What is 1 + -1 + 1 + 1 + 3?
5
What is 6 + -7 + 1 + -7?
-7
Evaluate -4 + 5 + 7 - 4.
4
Calculate -7 + -11 + 16 + 2.
0
Evaluate 2 + (1 - 0) + -4 + -2.
-3
What is the value of 3 + 4 + (3 - 5) + -4?
1
0 - (3 - (1 + 3 + -3))
-2
What is the value of 15 + (14 - 33) + 0?
-4
What is 2 + -1 + -4 + 7?
4
2 - (-8 + (-3 - -9)) - 0
4
Calculate 0 - 1 - (5 + -2 - 0).
-4
5 + -3 + 53 + -63
-8
Calculate (-2 - 3) + 1 + 1 + 5.
2
7 + -4 + -1 + -2
0
What is the value of 1 - 6 - (-11 + 8)?
-2
What is the value of 2 - (2 + (-6 - -7))?
-1
What is the value of 18 - 21 - (-1 + -2)?
0
Calculate 20 + -3 + -13 + 1.
5
What is the value of -1 + 3 - (16 + -19)?
5
Calculate (2 - (-2 + 3)) + (-8 - -6).
-1
What is the value of -2 + 7 - (23 + -2 - 10)?
-6
Calculate -78 + 85 - (-1 - -15).
-7
Calculate (-10 - (-3 + 8 + -7)) + 4.
-4
Calculate 1 + (-3 + 9 - 6).
1
Evaluate (3 - (-4 + 3 + 0)) + -6.
-2
-2 + 6 + 2 + -5
1
Calculate -7 - (-8 + 5 + 1).
-5
Calculate 15 - 7 - (18 + -6).
-4
What is -14 + 3 + (1 - -3 - 1)?
-8
What is the value of 2 + 1 - (-5 + 9)?
-1
What is the value of (-21 - -14) + 1 + 1?
-5
1 + -1 - (3 - 5)
2
What is the value of -2 + (4 - 2) + -3 + 2?
-1
Calculate -3 - (-1 + -5) - (1 + -4).
6
Evaluate (1 - 5) + -11 + -1 + 16.
0
-1 - -2 - (3 - 6)
4
What is the value of 5 + -2 - (11 - (4 + -1))?
-5
-1 + 7 - (68 - 60)
-2
Evaluate -60 - -47 - (-7 + 1).
-7
Calculate -4 + 1 - (-14 - -15).
-4
What is the value of 3 + 1 + (-8 + 3 - -1)?
0
What is the value of -18 + (-7 - -22 - 5)?
-8
Calculate (-11 - -3 - -4) + 5.
1
Evaluate 0 + (16 - (10 + -2)).
8
Evaluate -1 - (4 + 0 - 2) - -7.
4
1 - -2 - (-9 - -8)
4
Evaluate (22 - 20 - (13 - 0)) + 3.
-8
Evaluate 5 + -3 + 1 + 1.
4
-5 + (7 - (-8 - -7))
3
2 - (0 + 4 + -8 - -7)
-1
Evaluate (-4 - 5) + (4 - 0).
-5
(-3 - -1) + 5 + (-15 - -8)
-4
4 + -6 + 7 + -7
-2
Calculate (5 - 6 - -4 - -1) + -9.
-5
Calculate -10 + 5 + 1 - -5.
1
Calculate 0 + -2 + 9 + -6 + -4.
-3
What is the value of 4 + (-2 - -2) - 1?
3
Evaluate 3 + -4 + -9 + 9.
-1
What is the value of 3 - (12 + 1 - (-16 + 18))?
-8
Evaluate -3 - 1 - (-2 + -2).
0
What is the value of (-3 - -1) + (-14 - -4 - -15)?
3
Calculate -6 + (7 - (2 - (2 + -5))).
-4
Evaluate (-4 - -1) + 6 + -4 + 5.
4
Evaluate 0 + (22 - 21 - (1 + -5)).
5
What is the value of -3 + -4 + (4 - -4)?
1
(-6 - -1) + -10 + 15
0
Evaluate 0 + -4 + 6 - (-1 - 1).
4
What is 5 + -1 + (3 - 12)?
-5
What is the value of 7 + -3 + 3 + (-5 - -2)?
4
Calculate -14 + 9 - (11 - 14).
-2
What is the value of -3 - (-16 - (-3 + -3 + 0))?
7
What is 16 - (-4 + 8 + 6)?
6
What is the value of -3 + 0 + 0 + 7?
4
What is -6 - -10 - 1 - -1?
4
What is 2 + 0 + (-25 - -20)?
-3
Calculate -4 + (5 + 0 - 2).
-1
What is the value of 0 + 6 - (13 + -10) - 7?
-4
What is (-5 + 0 - -8) + 2?
5
Evaluate -7 + 2 + 6 + 0.
1
What is the value of -7 + 4 + 8 + 2?
7
-14 + 9 - (2 - 2) - -10
5
Calculate -5 - (-13 + (7 - 2)).
3
What is -8 - ((4 - 17) + 8)?
-3
What is (0 - -3) + -3 + 4?
4
What is 1 - (-6 + 4) - (5 + -6)?
4
What is -5 + 12 - 6 - (-1 - 2)?
4
-25 + 26 - (8 + -7)
0
What is the value of (0 - -3) + (3 - (0 + 2))?
4
Evaluate -6 + 0 - (-6 - (3 + -5)).
-2
Evaluate -1 + (2 - -1) - 5.
-3
Calculate -4 - ((7 - 1) + -16).
6
-7 + -1 - -4 - -5
1
Evaluate -10 - (-11 - (-2 - 3)).
-4
-4 + (-5 - -2 - 1)
-8
Evaluate 154 + -155 + (6 - (0 - -1)).
4
Evaluate 9 + (3 - 7 - -1).
6
Evaluate 8 - (-16 + 12 - (-1 + -7)).
4
Evaluate -1 + (-2 - -3 - (23 - 16)).
-7
Calculate -2 + (4 - (-1 + -2)).
5
Evaluate (-1 - 1) + -2 - (-2 - 4).
2
Calculate 25 + -27 - (0 + -3) - -2.
3
Calculate -9 - (-4 + 1) - -10.
4
(3 - 4) + (-1 - -6 - 9)
-5
What is 14 - (4 - -2 - -18)?
-10
Evaluate 3 - (7 - 3) - (3 - 3).
-1
What is -1 - (6 - (7 + -2))?
-2
What is -7 - (-8 - (-9 - 3)) - -7?
-4
-7 + 3 + 3 - (6 + -6)
-1
What is 5 + 3 - (2 + 1)?
5
-7 - (-18 + (-3 - -12))
2
What is -6 + 9 + -4 + -1 - -2?
0
-1 + 2 + (0 + -1 - -1)
1
What is the value of 18 - (-2 - -10) - 14?
-4
1 - (-12 + 14 - (1 - 2))
-2
What is 9 + 2 + -7 + -2?
2
Calculate -13 + 3 + -8 + 12 + -1.
-7
Calculate -13 + (3 - -4) + -1.
-7
Evaluate 6 + (2 - 8 - -5).
5
What is -5 + 6 - -10 - 9?
2
Evaluate 6 - (13 - (4 - 7 - -6)).
-4
6 + -14 - (-1 + -3 + 0)
-4
What is 1 + 0 + (-4 - (-2 - -3))?
-4
What is the value of 0 - (-12 - -9 - (-7 - -1))?
-3
What is the value of 2 + -5 + 3 + 4?
4
Evaluate 9 - (7 + 1 + -1) - -7.
9
What is the value of (3 - 3 - 9) + -3 + 6?
-6
What is the value of -2 - (6 - 1) - (-23 + 6)?
10
-8 + (7 - -4 - 7)
-4
Evaluate 2 + (-6 - (5 + -11)).
2
What is the value of -1 + (3 - 0) + 5?
7
What is the value of (-6 - -11 - 2) + 1 + -4?
0
6 - ((3 - 0) + 2)
1
-2 + 1 - (-4 + 5)
-2
-3 + -1 + (2 - 4)
-6
What is -3 + (11 - 7 - 1)?
0
What is the value of -5 + (-4 + 5 + -1 - -6)?
1
What is -2 + 1 + 2 + 2 + -3?
0
Evaluate (4 - 1) + 6 - 8.
1
(-3 - 1) + -5 + 11
2
-5 - (1 - 4) - (1 - 5)
2
Evaluate -5 + 2 + -6 + 0 + 8.
-1
-6 - (-9 + (-11 - -18))
-4
What is the value of (-7 + 1 - 0) + 4 - -6?
4
What is the value of 8 - (4 - (-1 + 1) - 4)?
8
Evaluate -5 - (-4 - (0 + -1)).
-2
Calculate (0 - (-4 - (-3 - 3))) + 4.
2
What is the value of -12 + 5 + -2 + 7?
-2
Calculate -7 - ((5 - -6) + -12).
-6
What is 0 + -2 - -2 - 4 - -5?
1
What is (-1 - 4 - -3) + -1 + 2?
-1
What is 20 - 18 - (12 - (2 - -1))?
-7
What is the value of 9 + (-5 - 4) + 2?
2
What is (3 - 0) + (3 - 3)?
3
Evaluate 3 - ((0 - 1) + -15 + 19).
0
Calculate -1 + (7 - (-2 - -5)).
3
Calculate -4 - (-1 - 9 - -10).
-4
(-9 + 13 - 11) + 17
10
What is -16 - (3 + -14 - -2)?
-7
What is -2 + 3 + -2 - 3?
-4
-7 + (-7 - -15) + 1
2
2 + (3 - (8 + -9))
6
-1 + -3 + (3 - 9 - -11)
1
What is the value of (-3 - -5) + -8 + 1?
-5
Calculate (16 - 22) + 14 + -3.
5
Evaluate (1 + -5 - 10) + 12.
-2
What is -55 + 59 + 0 + 0?
4
What is the value of 7 + -4 - (-8 - -12)?
-1
Calculate (3 - -14) + -15 + (0 - -1).
3
What is the value of -25 - -21 - (1 - -1 - 5)?
-1
What is the value of 6 - (3 + 3 + -4) - 4?
0
What is 9 + -10 + -9 + 2 + 0?
-8
Evaluate -1 + 7 - (-8 + 6 + 4).
4
Evaluate -10 + (3 - -16) + -4.
5
What is the value of -8 + 10 - (9 + -13)?
6
What is the value of 7 - (12 - 10 - -8)?
-3
What is the value of -3 + (-12 + 2 + 4 - -5)?
-4
Calculate (1 - (6 + 0)) + 2.
-3
What is the value of (-7 - -4 - -4) + 0?
1
What is the value of -10 - (10 - (3 + 7))?
-10
Evaluate -7 - (-10 - -4 - (0 + -4)).
-5
What is (-1 - -13) + -14 + -8?
-10
Evaluate (-6 - 0) + (-1 - (0 - 0)).
-7
-3 - (4 + (-1 + -5 - -5))
-6
What is the value of 4 + (-6 - -7) + -8?
-3
(-1 - 2) + -114 + 124
7
What is the value of -5 + 1 + 1 + (15 - 12)?
0
Calculate -3 - (-1 + (-6 - 4)).
8
What is the value of 3 - (3 - -3) - (2 - 4)?
-1
Evaluate 1 - ((5 - 3) + 1 - 4).
2
5 + (-4 - 2) + 3 - 3
-1
Calculate -9 + -11 + 15 + 11.
6
Calculate -6 + 13 + -3 + -2.
2
-1 - (-4 - -1 - (-2 - 0))
0
Evaluate -10 + 15 - (0 + 0).
5
Evaluate 3 + -9 + (-3 - -8).
-1
Evaluate 14 + -11 + (2 - 1).
4
What is the value of 21 - (12 + 2) - (0 - -11)?
-4
Calculate -3 + 0 - 1 - -2 - -4.
2
What is the value of 0 + 1 - (0 - -5 - 10)?
6
What is the value of -3 + 0 - (-1 - (2 + 0))?
0
Evaluate 6 + 4 + (4 - (8 - -3)).
3
What is the value of 1 + -4 + 2 - -2?
1
0 + (1 - 1) + -1 + -2
-3
Evaluate -8 - -9 - (-12 - -22).
-9
Evaluate -3 + (4 - (-4 - 3 - -8)).
0
(-8 - 7) + 6 - -17
8
Evaluate -3 + (-3 - -2) + 9 - 1.
4
Evaluate -1 + (9 - 3) + -2.
3
What is 0 + (3 + -2 + 0 - 2)?
-1
Evaluate 1 - -2 - (-8 - (-6 + 0)).
5
What is 0 + 2 + 4 + 2 - 1?
7
Calculate -2 + 1 - (-3 + 1).
1
What is the value of (4 - 3 - -1) + -3 + 4?
3
What 